 b.
0
Let y(o) = o**2 + 2*o + 9. What is the remainder when y(8) is divided by 23?
20
Suppose -f + 27 = -13. Calculate the remainder when 115 is divided by f.
35
Suppose -4 + 29 = 5*f. Calculate the remainder when 13 is divided by f.
3
Suppose 0 = -o - 6*o + 343. Calculate the remainder when 193 is divided by o.
46
Suppose -38 = -3*x + 4*w, -x + 2*w + 13 = -1. What is the remainder when 47 is divided by x?
7
Let o(w) = 2 + w + 0 - 4*w**2 - 4*w + 5*w**2. What is the remainder when 21 is divided by o(5)?
9
Let s = 17 + -2. Suppose -4*w + 294 = 2. What is the remainder when w is divided by s?
13
Let q = 31 + -6. Calculate the remainder when 124 is divided by q.
24
Let l(t) = -2*t + 2. Let v be l(4). Let z = v - -6. Let h = 6 + z. What is the remainder when 16 is divided by h?
4
Suppose -90 = -0*x - 5*x. Let l = x + 3. Calculate the remainder when 62 is divided by l.
20
Let o = -4 + 1. Let u = 6 - o. Calculate the remainder when 16 is divided by u.
7
Let v(c) = -2*c + 9. What is the remainder when v(-1) is divided by 2?
1
What is the remainder when 64 is divided by (-2)/(-10) + (-594)/(-55)?
9
Let d = 200 + -134. What is the remainder when d is divided by 20?
6
Let r be ((-8)/10)/((-4)/10). Suppose -r*w + 63 = -19. Calculate the remainder when w is divided by (-3)/(-30)*28*5.
13
Suppose -w = -6*w + 470. Calculate the remainder when w is divided by 24.
22
Let y = 48 + -7. Suppose 4*x - 3*x = 14. Calculate the remainder when y is divided by x.
13
Let n = 10 + 2. What is the remainder when 31 is divided by n?
7
Suppose -6 + 8 = a. Suppose a*x + 2*x + 5*l - 88 = 0, 2*x - 2*l - 44 = 0. Calculate the remainder when (-1156)/(-18) + (-2)/9 is divided by x.
20
Suppose 84 = -f - 3*f. Let q = -10 - f. What is the remainder when 32 is divided by q?
10
Let w be (2 - 9)*(2 + -1). Let u = w - -14. Suppose -2*f + 30 = -8. What is the remainder when f is divided by u?
5
What is the remainder when 130 is divided by (-4)/(-18) - 3540/(-108)?
31
Suppose 2*n + 30 = -5*s, 2*n - 14 = 5*s + 16. Calculate the remainder when 1 is divided by (s/(-9))/(2/3).
0
Calculate the remainder when 61 is divided by (-7)/(2/3 - 1).
19
Suppose -3 = -w, 3*w - 144 = -3*a - 2*a. Let g = a + 0. Calculate the remainder when g is divided by 14.
13
Suppose -17 = 4*g - 1. Let p(o) = -7*o - 5. Let r(v) = 6*v + 5. Let u(y) = -3*p(y) - 4*r(y). Calculate the remainder when 12 is divided by u(g).
5
Suppose 20 = -0*f + 5*f. Suppose 0*i + 175 = f*l + i, 5*i = -5. What is the remainder when l is divided by 15?
14
Suppose i - 149 + 13 = -3*q, -2*q = i - 89. Calculate the remainder when 187 is divided by q.
46
Let t = -89 - -99. Let v = -2 + 3. What is the remainder when v - 2 - (-29 + 1) is divided by t?
7
Suppose 5*g - 21 = 14. Let d(h) = h**2 + 4*h - 4. Let v be d(-5). Let n(c) = 19*c**3 + 2*c**2 - 1. Calculate the remainder when n(v) is divided by g.
6
Let o be ((-29)/(-3))/((-2)/(-6)). Let h = o + -1. What is the remainder when 110 is divided by h?
26
Let h(x) = 5*x + 4. Let l(m) = 14*m + 12. Let g(k) = 17*h(k) - 6*l(k). What is the remainder when 5 is divided by g(6)?
1
Let m = 29 - 14. What is the remainder when m is divided by 4?
3
Suppose -90*u = -85*u - 115. Calculate the remainder when 85 is divided by u.
16
Let t be 3/((-6)/(-4)) + -18. Let s = -13 - t. Calculate the remainder when 3 is divided by s.
0
Suppose -2*c = c - 3*r + 60, 4*r + 56 = -4*c. Let x = 42 + c. What is the remainder when (-2 + x)/(2/2) is divided by 12?
11
Let n(m) = m**3 + 19*m**2 - 44*m - 7. Let g(d) = 5*d - 7*d**2 - d**3 - 2*d + 2*d**2. What is the remainder when n(-21) is divided by g(-6)?
17
Let j(u) = -u**3 + 8*u**2 - 7*u - 2. Suppose 7 = q - 0. Let r be j(q). Calculate the remainder when (r + 3)/((-1)/(-17)) is divided by 6.
5
Let p = -56 + 106. What is the remainder when p is divided by (-2)/(0 + (-6)/51)?
16
Let i(j) = -2*j**3 + 12*j**2 - 2*j + 3. Calculate the remainder when i(5) is divided by 9.
7
Let g = -45 + 68. What is the remainder when g is divided by 1/(-5) + -1*155/(-25)?
5
Let v(o) = -2*o + 50. Let u be ((-3)/2 - -1)*-28. Let z = u - 10. Calculate the remainder when v(20) is divided by z.
2
Let n = 3 + 3. Calculate the remainder when 15 is divided by n.
3
Suppose 18 = 2*u + v, -4*u + 53 - 15 = v. What is the remainder when 69 is divided by u?
9
Let u(i) = -i + 3. Let p be u(-4). Let k = p - 5. Suppose -7*a + 75 = -k*a. Calculate the remainder when a is divided by 9.
6
What is the remainder when 7 is divided by 4 - (4/1)/4?
1
Let n = 2 + 0. Suppose 4*x - d = -3*d - n, -4*x = d + 3. Let q(j) = 3*j**2 + 1. Calculate the remainder when 11 is divided by q(x).
3
Let m be (59 - (7 - 3)) + 1. What is the remainder when 48 is divided by -1 + -2 + m/2?
23
Let v be 8/1 + (1 - 0). Let o = 26 - v. Calculate the remainder when o is divided by 6.
5
Suppose -3*k = 2*v - 3 - 22, 0 = 2*k - 2*v. Suppose -o - 12 = -82. Suppose -5*w + o = -0*w. What is the remainder when w is divided by k?
4
Let h(d) = 8 - 3 - 6*d**2 - 3*d - d**3 + d. Suppose 0 = -2*m + 2*q + 14, -3*m - 2*q + 22 = -m. Calculate the remainder when h(-6) is divided by m.
8
Suppose -q + 4*o = -10, -2*q - 3*o + 4 = 3*q. Let g(w) = 14*w + 1. What is the remainder when g(q) is divided by 8?
5
Suppose 7*n + 4*y - 16 = 3*n, -9 = -n + 4*y. Let z = -5 + n. Suppose -p = p - a - 18, z = p + 2*a - 9. Calculate the remainder when 16 is divided by p.
7
Suppose 2*x - x - 5*f = 4, 3*x = -5*f + 12. What is the remainder when 17 is divided by x?
1
Suppose k = -4*y + 136, y + 3*k = 4*k + 39. Let x be -2*(-10)/4 - -1. Let t(r) = r + 6. What is the remainder when y is divided by t(x)?
11
Let c = -36 - -59. Suppose 5*o - 71 = 2*q, 6*q - 11 = -2*o + q. What is the remainder when c is divided by o?
10
Let x(l) = 12*l**2 - 2*l + 1. Let b be x(1). Suppose -14 = -z + b. Calculate the remainder when z is divided by 7.
4
Suppose -w - 19 = 2*o - 0, -4*o = -w - 1. Let v = 18 + w. Suppose 0 = -5*d + 30 - v. What is the remainder when 13 is divided by d?
3
Let o(a) = -2*a + 14. What is the remainder when 128 is divided by o(-6)?
24
Let k(g) = 2 - 4 - 3*g + 1 - 4. What is the remainder when 50 is divided by k(-6)?
11
Let l = 32 + -20. Let o = 14 - l. Calculate the remainder when o is divided by 1.
0
Suppose -15 = -2*i + 23. What is the remainder when 37 is divided by i?
18
Let c = 6 - 5. What is the remainder when -1 - -13 - (c - 1) is divided by 7?
5
Let u(m) = m**3 + 16. Let x be u(0). Let c = -8 + x. What is the remainder when c is divided by -1 - -1*1 - -5?
3
Suppose 4*h = 23 + 1. What is the remainder when 17 is divided by h?
5
Let k(w) = -w**2 + 7*w - 10. Let m be k(7). Let r = m - -47. What is the remainder when r is divided by 19?
18
Calculate the remainder when 4*24/(-2 + 5) is divided by ((-2)/4)/(3/(-54)).
5
Let s = -103 + -12. Let v = s - -165. What is the remainder when v is divided by 13?
11
Suppose -5*i - 19 = 2*l, 0 = -i - 4*l - l - 13. What is the remainder when 18 + i/(3 + -6) is divided by 5?
4
Calculate the remainder when 53/2*9*4/18 is divided by 10.
3
Let q(t) = -10*t + 7. Let f(j) = -11*j + 8. Let k(c) = -5*f(c) + 6*q(c). Calculate the remainder when k(-3) is divided by 5.
2
Let l = -16 + 18. Suppose -g - 56 = -l*a, g = 5*a - 2*g - 138. Calculate the remainder when 118 is divided by a.
28
Suppose -3*j + 5*g = -49, 3*j + 4*g = 23 + 8. Calculate the remainder when 23 is divided by j.
10
Suppose -2 - 8 = -q. Let c = 0 - -6. What is the remainder when q is divided by c?
4
Let o(x) = -x**2 - 9*x - 8. Let s be o(-8). Let g = s + 16. Calculate the remainder when 15*(-8)/(-4)*1 is divided by g.
14
Suppose 0*j + 3*j = 9. Calculate the remainder when 16 is divided by -4*j/(-18)*9.
4
Let n = 3 - 1. Let o be ((-8)/(-2) - n) + 0. Let r = o + 1. What is the remainder when r is divided by 2?
1
Suppose -27 = -17*h + 347. Calculate the remainder when 63 is divided by h.
19
Let l(x) = 8*x**2 - 2*x - 1. Let m be l(2). Let y = -11 + m. What is the remainder when y is divided by 9?
7
Let n = -1 - -12. Suppose -2*t + 137 = 3*k, 4*k = -4*t + 58 + 130. Calculate the remainder when k is divided by n.
10
Suppose -4*b - b = -4*t - 104, -4*b + 82 = -2*t. Let m(j) be the first derivative of 12*j**3 - j**2/2 - 2. Calculate the remainder when m(-1) is divided by b.
17
Let y(d) = 2*d**3 - 3*d**2 